Is 2865388894 a multiple of 202?
False
Does 2 divide 2045175?
False
Is 437117964 a multiple of 45?
False
Does 968 divide 75091735?
False
Is 4434191190 a multiple of 11187?
True
Is 2381788 a multiple of 11?
False
Is 475 a factor of 510629499?
False
Is 1513387800 a multiple of 200?
True
Is 739141306 a multiple of 563?
True
Does 88 divide 79084841?
False
Is 19 a factor of 34083070?
False
Is 1854658713 a multiple of 9?
False
Does 3509 divide 4679963827?
True
Does 156 divide 2319630700?
False
Is 185736798 a multiple of 12?
False
Does 66 divide 84177941?
False
Is 38142088 a multiple of 61?
False
Does 15 divide 143209993?
False
Does 604 divide 992103824?
True
Is 202651784 a multiple of 236?
True
Is 700021529 a multiple of 2053?
False
Is 184121694 a multiple of 78?
False
Is 4 a factor of 86268980?
True
Is 341119097 a multiple of 293?
True
Is 2067573534 a multiple of 78?
True
Is 5 a factor of 443183935?
True
Is 32 a factor of 113488504?
False
Is 693602083 a multiple of 17?
False
Is 150037 a multiple of 3?
False
Is 114768557 a multiple of 97?
True
Is 605 a factor of 67315141?
False
Is 22015626 a multiple of 1319?
False
Is 129 a factor of 1383952455?
False
Does 2199 divide 31790943?
True
Is 157 a factor of 11755253?
False
Is 4359 a factor of 1647820423?
False
Is 287731185 a multiple of 1421?
True
Is 185511402 a multiple of 114?
True
Is 410523682 a multiple of 1798?
False
Is 175 a factor of 1592372425?
True
Does 1078 divide 3604071170?
False
Does 3121 divide 48102364?
False
Does 11 divide 5519734?
True
Is 112687327 a multiple of 16?
False
Does 1622 divide 48743263?
False
Does 29 divide 46000670?
True
Does 75 divide 151201275?
True
Does 1802 divide 484054402?
False
Is 75181096 a multiple of 634?
False
Does 57 divide 697624305?
False
Is 50357541 a multiple of 7?
False
Is 351 a factor of 29167579?
False
Is 296 a factor of 206608?
True
Does 264 divide 92586912?
True
Does 1785 divide 113508150?
True
Is 394352400 a multiple of 78?
True
Does 8 divide 2750304?
True
Is 170293814 a multiple of 103?
True
Is 7872205 a multiple of 5?
True
Is 534 a factor of 56332194?
True
Is 187204395 a multiple of 3453?
True
Is 34496927 a multiple of 2?
False
Is 155353293 a multiple of 49?
False
Is 2616950 a multiple of 537?
False
Is 2333315830 a multiple of 37?
True
Is 22 a factor of 105806279?
False
Is 88375920 a multiple of 120?
True
Is 6 a factor of 170909109?
False
Is 427349520 a multiple of 1296?
True
Is 750720842 a multiple of 92?
False
Does 55 divide 17940617?
False
Is 126956369 a multiple of 15?
False
Does 44 divide 834822514?
False
Does 269 divide 154124895?
True
Is 40 a factor of 32778280?
True
Is 1062 a factor of 5281496?
False
Does 13 divide 22227600?
False
Is 328 a factor of 27615304?
True
Does 23 divide 601874518?
False
Does 118 divide 88449260?
True
Is 117 a factor of 1280219733?
True
Is 2898572 a multiple of 246?
False
Is 316247120 a multiple of 160?
False
Does 3 divide 128800002?
True
Is 18 a factor of 34887878?
False
Is 37168555 a multiple of 5?
True
Does 2 divide 8585952?
True
Is 564229997 a multiple of 53?
True
Is 396244435 a multiple of 296?
False
Does 4 divide 198422752?
True
Is 76602694 a multiple of 301?
True
Does 8 divide 543806575?
False
Is 9248 a factor of 3628730240?
True
Does 13 divide 350283089?
True
Is 2 a factor of 17534?
True
Is 109851584 a multiple of 358?
True
Does 341 divide 48337806?
False
Is 14 a factor of 8533126?
True
Is 230742879 a multiple of 87?
True
Does 10 divide 25527221?
False
Is 508226602 a multiple of 169?
True
Is 9 a factor of 486483521?
False
Does 89 divide 539729411?
False
Is 42 a factor of 266490252?
True
Is 9 a factor of 10849347?
True
Is 11605754 a multiple of 157?
True
Is 1391388994 a multiple of 390?
False
Does 244 divide 3131252?
True
Is 2853 a factor of 2415835359?
False
Does 351 divide 108850716?
True
Is 642496628 a multiple of 46?
True
Is 10254 a factor of 710706611?
False
Does 106 divide 30458600?
False
Does 16 divide 34252249?
False
Is 202894363 a multiple of 111?
False
Is 22 a factor of 325070028?
False
Is 716 a factor of 31986566?
False
Does 43 divide 460741031?
False
Does 788 divide 95733332?
True
Does 76 divide 31397424?
True
Is 184524447 a multiple of 2686?
False
Is 6281976 a multiple of 24?
True
Does 327 divide 1189968042?
True
Does 1015 divide 1048787497?
False
Does 10 divide 14713911?
False
Does 29 divide 10591430?
False
Is 115 a factor of 169860635?
True
Does 4 divide 344947822?
False
Is 225566636 a multiple of 293?
True
Is 1392793 a multiple of 211?
False
Does 144 divide 6893588448?
True
Is 133276812 a multiple of 4278?
True
Is 97724720 a multiple of 2?
True
Is 59595410 a multiple of 10?
True
Is 15 a factor of 329209171?
False
Is 95578909 a multiple of 154?
False
Does 927 divide 90921767?
False
Does 4077 divide 489615941?
False
Does 14 divide 131555950?
False
Is 15 a factor of 85577248?
False
Is 4127 a factor of 154667579?
True
Is 34 a factor of 351483296?
True
Is 148 a factor of 239021480?
True
Is 21825648 a multiple of 919?
False
Is 130847805 a multiple of 891?
True
Is 2848 a factor of 132938005?
False
Does 90 divide 277424550?
True
Is 324518418 a multiple of 9?
True
Is 892748255 a multiple of 174?
False
Does 2 divide 2022060?
True
Is 25619232 a multiple of 475?
False
Is 27 a factor of 36614673?
True
Is 1589564554 a multiple of 2441?
True
Is 2548541550 a multiple of 33?
False
Does 2262 divide 58230562?
False
Does 758 divide 186795456?
True
Is 2044682934 a multiple of 186?
True
Is 1867698169 a multiple of 17?
False
Does 153 divide 1448889804?
True
Does 6 divide 167603270?
False
Does 2349 divide 319285361?
False
Does 35 divide 43915375?
True
Is 9309444 a multiple of 15?
False
Is 2116 a factor of 5303523631?
False
Is 46267340 a multiple of 1126?
True
Is 201553140 a multiple of 95?
True
Is 2844 a factor of 168029208?
True
Does 964 divide 1538616300?
True
Does 1002 divide 15854646?
True
Does 110 divide 23695430?
True
Is 195357549 a multiple of 554?
False
Is 1685366682 a multiple of 366?
True
Does 475 divide 229152819?
False
Does 382 divide 48946042?
True
Does 424 divide 99489488?
False
Is 162 a factor of 472214795?
False
Is 468763293 a multiple of 337?
True
Is 2 a factor of 4930839?
False
Does 12 divide 56628528?
True
Is 3788677 a multiple of 1316?
False
Does 26 divide 202810960?
False
Does 30 divide 831365?
False
Is 66091004 a multiple of 49?
True
Does 45 divide 9524024?
False
Is 227452920 a multiple of 1119?
False
Is 4034779 a multiple of 43?
False
Is 889290659 a multiple of 15?
False
Is 140804870 a multiple of 499?
False
Does 6 divide 426414952?
False
Is 3707 a factor of 230289392?
False
Is 4831993 a multiple of 346?
False
Is 97368049 a multiple of 4?
False
Does 15 divide 2005627590?
True
Does 133 divide 929074025?
False
Does 51 divide 19507857?
True
Is 18384580 a multiple of 1281?
False
Does 185 divide 7199645?
True
Is 871309664 a multiple of 280?
False
Does 247 divide 15677917?
False
Is 72 a factor of 24467400?
True
Is 57965931 a multiple of 262?
False
Does 161 divide 284397680?
False
Is 1246 a factor of 749628488?
True
Is 77 a factor of 4581500?
True
Does 1397 divide 12542266?
True
Is 711120 a multiple of 4?
True
Does 51 divide 165885239?
False
Is 91358874 a multiple of 771?
True
Is 40461845 a multiple of 5?
True
Is 153 a factor of 764388?
True
Is 1104068139 a multiple of 6098?
False
Does 2039 divide 991774986?
False
Is 1858700032 a multiple of 15?
False
Is 553826439 a multiple of 158?
False
Does 16 divide 5487895597?
False
Is 6 a factor of 55902306?
True
Does 142 divide 10054118?
False
Is 50 a factor of 84551000?
True
Is 96200330 a multiple of 66?
False
Does 5 divide 282952029?
False
Is 1172158481 a multiple of 5987?
False
Is 240 a factor of 353211360?
True
Is 25 a factor of 3516156012?
False
Is 31385961 a multiple of 153?
True
Is 472100989 a multiple of 43?
False
Is 524 a factor of 160044272?
True
Is 58 a factor of 74399326?
True
Is 109863852 a multiple of 4?
True
Does 6 divide 46911837?
False
Is 7256057 a multiple of 2?
False
Is 3992759750 a multiple of 529?
True
Is 785196120 a multiple of 1180?
False
Is 51952599 a multiple of 9?
True
Does 52 divide 268065011?
False
Is 1127 a factor of 350761845?
True
Is 4 a factor of 61221553?
False
Does 1755 divide 714767625?
True
Does 44 divide 1789701526?
False
I